et z(o) = o**2 + 4*o - 1. Let u be z(-5). List the prime factors of t(u).
2
Suppose 26 = -5*f + 3*f. Let k = f - -27. What are the prime factors of k?
2, 7
Let y(i) = 4*i - 1. Let z = 6 - 2. Let d = z - 3. What are the prime factors of y(d)?
3
Let u(j) = 2*j + 46. List the prime factors of u(12).
2, 5, 7
Let s be (1 + -1)/((-2)/1). Suppose 8 + s = -4*n, 3*m - 5*n - 19 = 0. List the prime factors of m.
3
Let a(y) = 7*y - 4. Let i(o) = -o + 13. Let n be i(9). What are the prime factors of a(n)?
2, 3
Suppose -2*h - 3*p = 9, -h - 1 = -p - p. Let k = -4 - h. What are the prime factors of 0/(k - -2) + 7?
7
Let w(f) = 2*f**2 + 6*f - 5*f - f**2 - 1 + 4*f. Let q be w(-5). What are the prime factors of (-1 - q) + 1 + 11?
2, 3
Let v = -16 - -8. Let z be -1*3 - (v - -3). Suppose 0 = -0*o + o + 5, -4*o + z = 2*c. What are the prime factors of c?
11
Suppose 3*l - 4 = 5*p, -2*p + 3*l - 5 + 7 = 0. List the prime factors of 175/10 - (-1)/p.
17
Suppose 0*q - 2*q = -30. What are the prime factors of q?
3, 5
List the prime factors of (212/(-6))/((-10)/15).
53
Let g be 0 + 0 + 3 + 2. Suppose d + 65 = g*y, 4*d + 20 = -0*d. List the prime factors of y.
2, 3
Let y(w) = -w**2 - 9*w + 10. Let m be (0 + 0 + -1)*10. Let s be y(m). Suppose 2*i + 4 = -3*u - u, s = 3*i - u - 22. List the prime factors of i.
2, 3
Let v(x) = x + 38. Let g(j) = j - 3. Let q be g(3). List the prime factors of v(q).
2, 19
Let p = -3 - -8. Suppose -p*d - h = -13 - 29, 0 = -2*d + 4*h + 30. List the prime factors of d.
3
List the prime factors of (122 - -4)*2/(2 - -2).
3, 7
Let l = 35 + -23. Suppose 2*c - 6 = -3*b, -c + 5*b + l = 3*c. List the prime factors of c.
3
Let p be (-2 - (0 + 0))*-20. Suppose -4*x + p = -3*u, x - 2 - 8 = -2*u. Let o = -5 + x. What are the prime factors of o?
5
Suppose -2*i + 6 = i. Suppose -11 = 3*h - i*h. What are the prime factors of (h - -2)*(-4)/6?
2, 3
Let f = 30 + -21. What are the prime factors of f?
3
Suppose 3*c - 5 = 4*q + 16, -5*c + 21 = -2*q. Suppose -4*r + c + 9 = 0. Let m = r - -3. What are the prime factors of m?
2, 3
Let n be ((-14)/2 - 3)*-1. Let u be (-8)/n*(-15)/6. Suppose 2*o - u = 3*l - 8, 5*l - 32 = -4*o. List the prime factors of o.
3
Suppose o + 7 = 72. List the prime factors of o.
5, 13
Let z(m) be the first derivative of m**3/3 + m**2 + m - 1. Let w = 0 - -2. List the prime factors of z(w).
3
Let h(r) be the third derivative of -r**6/120 - r**5/10 - 7*r**4/24 - r**3/3 + r**2. List the prime factors of h(-5).
2
List the prime factors of 126 + 1/((-4)/(-12)).
3, 43
Let v = 350 - 242. What are the prime factors of v?
2, 3
Suppose 3*v - 2*c - 3*c = 19, -26 = 3*v + 4*c. Let l(s) = 4*s**2 - s + 2. Let x(y) = -y + 1. Let w(d) = l(d) - 2*x(d). What are the prime factors of w(v)?
2, 7
Suppose 6*t = -5*d + 5*t + 25, 5*d = 2*t + 25. Suppose -3*o + 76 = -d. List the prime factors of o.
3
Let h(u) = u**2 - 8*u - 4. List the prime factors of h(12).
2, 11
Suppose 0 = -2*l + 10 - 0. Suppose 156 - 41 = 3*m - d, l*m - 185 = -5*d. What are the prime factors of m?
2, 19
Let q(g) = g**3 - 18*g**2 - 13*g + 15. What are the prime factors of q(19)?
3, 43
Let b = -39 + 60. Let a be (-268)/7 + 6/b. What are the prime factors of 4/(-12) - a/6?
2, 3
Let v be (168/(-10))/(14/70). Let l = -36 - v. What are the prime factors of l?
2, 3
Suppose 0 = 5*z + 3*g - 80, -z - 3*g + 16 = -0. What are the prime factors of z?
2
Let j be 2/7 - (-330)/21. Let a = j - 7. What are the prime factors of a?
3
Let m be -1 + 2/((-4)/(-14)). Let f = m + -2. List the prime factors of f.
2
Suppose 3*r = -r + 4. Let m(w) = 41*w**2 + w - 1. List the prime factors of m(r).
41
Let j = -6 - -6. Suppose j = -0*t + t + 14. Let l = 28 + t. List the prime factors of l.
2, 7
Let y = -11 - -38. What are the prime factors of y?
3
Let o(c) = -c**2 - 6*c + 3. Suppose 0 = 4*v - v + g - 5, -v - 4*g + 20 = 0. Let s = v - 5. List the prime factors of o(s).
2
Suppose -3*a = -81 - 81. Let d = a - 32. List the prime factors of d.
2, 11
Let t be 3 - 10/(-4)*2. Suppose -4*f + t + 88 = 0. What are the prime factors of f?
2, 3
List the prime factors of ((-155)/(-10))/(-1 + (-15)/(-12)).
2, 31
Let x(t) be the first derivative of t**4/4 + 5*t**3/3 - 4*t**2 + 2*t + 1. What are the prime factors of x(-6)?
2, 7
Suppose 0 = -2*d + 5 + 77. List the prime factors of d.
41
What are the prime factors of (-2)/(-3) - (-11)/((-264)/(-2576))?
2, 3
Suppose -22 = u - 2. Let s = -16 + u. List the prime factors of ((-1)/(-3))/((-4)/s).
3
Let i be -1 + (4 - 1)/1. Let z = -2 - i. Let o = -2 - z. List the prime factors of o.
2
Suppose 3*i - 5*g - 127 + 36 = 0, 0 = 3*i - 4*g - 86. List the prime factors of i.
2, 11
Suppose -5*h = -3*g - 33, 4 = -h + g + 9. List the prime factors of 4 + (-2)/((-6)/h).
7
Suppose -1 - 11 = -3*c. Suppose r + 2*u + 4 = 0, -c*r + 4*u = -29 - 15. List the prime factors of r/21 + (-24)/(-14).
2
Let w = 17 - -17. Suppose -2*f - 6 = -w. List the prime factors of f.
2, 7
Suppose -2*n + 420 = 5*s - 7*n, -s + 76 = n. What are the prime factors of ((-2)/(-5))/(4/s)?
2
Let i = 31 + 41. Let b = i - 51. What are the prime factors of b?
3, 7
Suppose 4*h - 4 = 12. Suppose 13 = 4*n + 5*c - 102, h*c = -n + 26. What are the prime factors of n?
2, 3, 5
Let j be (1/1)/(2/4). Suppose 2*v = 2*r + j, 2*r + 4*v - 12 - 16 = 0. List the prime factors of r.
2
Let c = 5 - 0. Suppose k = 5*d - 2*k - 172, 4*d = -c*k + 108. What are the prime factors of d?
2
Suppose 0 = -5*c + 3*q + 3, 4*q - 16 = -2*c + 6. Suppose 4*h = 5*l - 21, h - 2*l + 18 = -c*h. What are the prime factors of h/(-1) + -2*1?
2
Suppose f + f = -3*o, -4*o = 4*f + 8. Suppose b + 3*s - 21 = -4*b, s = 3*b - 21. What are the prime factors of (-3)/f*-2 + b?
5
Suppose 2*r = -r - 48. Suppose -4*f - 3*u = 28, -3*u = -f + 3 + 5. Let t = f - r. List the prime factors of t.
2, 3
Suppose 10 = 3*w - 2. Suppose -w*l - 42 = 4*h - 2, 2*h = 3*l + 5. What are the prime factors of (6/l)/((-2)/5)?
3
Let y = -3 + 5. Let t(i) = 6*i - 3. What are the prime factors of t(y)?
3
Let j = 10 - 7. Suppose -j*b - b - 8 = 4*s, -b - 8 = -2*s. Suppose 0 = t + s - 12. List the prime factors of t.
2, 5
Suppose 12 = 4*q - 8. Suppose 3*b = -0*b + 2*n + 15, -q*b = -n - 25. Suppose -b*w = 3*l - l - 89, w - l = 22. What are the prime factors of w?
19
Let l = 74 + -46. List the prime factors of l.
2, 7
Let j = 0 + 8. What are the prime factors of j?
2
Let s = 103 + -31. Suppose s = n + n. List the prime factors of n.
2, 3
Suppose 3*l - 2*l = -2*r + 15, -2*l = -2*r - 30. List the prime factors of l.
3, 5
Suppose -o + 6 + 3 = 0. Let t = 5 - o. What are the prime factors of 4/6*-3*t?
2
Suppose -5*j - 7 = 2*y, 31 = 4*y - 4*j - j. Suppose 0 = z - y*z. What are the prime factors of 4 - (z/3 - 2)?
2, 3
Suppose 0*l + 99 = l. Suppose i + 2*i - l = 0. What are the prime factors of i?
3, 11
List the prime factors of (4/4 - -84) + 4.
89
Suppose 6*s - 46 = 5*s. Suppose -5*f + 41 + 13 = -2*c, -4*f = -3*c - s. List the prime factors of 64/20*f/4.
2
Suppose -5*j = -4*x - 26, -3*x + 7*x = 4*j - 24. List the prime factors of x/(-6) - (-306)/27.
2, 3
Suppose -5*y + 27 = -193. List the prime factors of y.
2, 11
Suppose g + 3*i = 4 - 10, 0 = g - 4*i - 22. List the prime factors of g.
2, 3
List the prime factors of 1 - (1 + -117)*5/10.
59
Let d(l) = l**2 - 6*l + 7. Suppose 5*v + w - 49 = 2*w, 2*v + 2*w = 10. What are the prime factors of d(v)?
2, 17
Let l = 63 + -24. Suppose 0*c = -3*c + l. What are the prime factors of c?
13
Let a(p) = -p**3 - 6*p**2 - 4*p + 5. Let k be a(-5). Let n = 5 + k. Suppose f = -n*b - f + 24, -4*f + 24 = 4*b. What are the prime factors of b?
2
Let h = -2 - -25. List the prime factors of h.
23
What are the prime factors of ((-4)/14)/(4/(-140))?
2, 5
Let v = 10 - 7. Suppose z - 3*n = -0*n + 6, -v*z + 7 = 2*n. Let y = -1 + z. What are the prime factors of y?
2
Suppose 2*q - 67 - 56 = -y, -5*y + 255 = 4*q. Suppose -5*v = -v - q. List the prime factors of v.
3, 5
Let x = 20 + -24. What are the prime factors of (-3 - -33)/(-3 - x)?
2, 3, 5
Suppose 9*a - 208 = 548. List the prime factors of a.
2, 3, 7
Let s(l) be the third derivative of l**6/180 + l**5/20 + l**4/8 - l**3/3 - 2*l**2. Let n(v) be the first derivative of s(v). List the prime factors of n(-4).
11
Suppose -6*f + 118 = -266. List the prime factors of f.
2
L